
True
Is 26 a factor of 208886?
False
Is 1049 a factor of 4150037?
False
Does 21 divide 412305?
False
Does 9 divide 10854?
True
Is 21 a factor of 1146180?
True
Is 664515 a multiple of 45?
True
Is 16 a factor of 112032?
True
Is 77411 a multiple of 199?
True
Does 167 divide 633172?
False
Does 523 divide 111922?
True
Does 2 divide 4919?
False
Is 1519216 a multiple of 187?
False
Is 168042 a multiple of 42?
True
Does 31 divide 345712?
True
Is 2498832 a multiple of 518?
True
Is 169406 a multiple of 90?
False
Is 41 a factor of 84851?
False
Does 26 divide 8330712?
True
Does 50 divide 349485?
False
Does 106 divide 71974?
True
Does 528 divide 1163603?
False
Is 52030 a multiple of 61?
False
Is 12 a factor of 27417?
False
Does 4 divide 21766?
False
Does 201 divide 722595?
True
Is 1139090 a multiple of 28?
False
Is 4785323 a multiple of 720?
False
Is 814 a factor of 6265507?
False
Is 1895061 a multiple of 217?
True
Is 262 a factor of 5740682?
True
Is 1183518 a multiple of 101?
True
Is 7130848 a multiple of 327?
False
Is 17 a factor of 193676?
False
Is 54 a factor of 619866?
True
Is 50 a factor of 1818520?
False
Is 1188 a factor of 3283632?
True
Is 4 a factor of 454732?
True
Is 271196 a multiple of 23?
False
Is 129 a factor of 429915?
False
Does 37 divide 304157?
False
Is 54 a factor of 1966734?
True
Does 24 divide 1200681?
False
Is 489900 a multiple of 23?
True
Does 57 divide 44378?
False
Is 2606985 a multiple of 181?
False
Does 20 divide 353159?
False
Does 8 divide 479512?
True
Is 28 a factor of 247978?
False
Does 127 divide 12862814?
True
Is 40 a factor of 217477?
False
Does 28 divide 57145?
False
Is 44748 a multiple of 338?
False
Is 176960 a multiple of 64?
True
Does 267 divide 149520?
True
Is 141639 a multiple of 128?
False
Is 328440 a multiple of 10?
True
Does 19 divide 832882?
False
Is 254 a factor of 1094232?
True
Is 41472 a multiple of 576?
True
Is 364347 a multiple of 19?
False
Does 643 divide 114110?
False
Is 37056 a multiple of 24?
True
Is 30 a factor of 538890?
True
Is 12 a factor of 802015?
False
Is 1623110 a multiple of 5?
True
Is 217679 a multiple of 38?
False
Is 2 a factor of 10164?
True
Does 47 divide 653112?
True
Is 458736 a multiple of 24?
True
Does 21 divide 6663873?
False
Is 42 a factor of 25452?
True
Is 661 a factor of 1048346?
True
Is 1761 a factor of 2782194?
False
Does 13 divide 50123?
False
Is 34 a factor of 907263?
False
Is 803072 a multiple of 312?
False
Is 25 a factor of 1165025?
True
Is 140 a factor of 670808?
False
Is 6 a factor of 307023?
False
Does 187 divide 2414731?
True
Is 9 a factor of 2568647?
False
Is 593510 a multiple of 56?
False
Does 843 divide 15039963?
True
Is 1600476 a multiple of 164?
True
Is 1338257 a multiple of 1105?
False
Is 22167 a multiple of 8?
False
Is 308 a factor of 69676?
False
Is 30 a factor of 1103970?
True
Does 290 divide 1468395?
False
Is 4 a factor of 592232?
True
Is 30570 a multiple of 3?
True
Does 62 divide 100075?
False
Is 1572946 a multiple of 708?
False
Is 1812600 a multiple of 114?
True
Does 192 divide 106560?
True
Does 44 divide 193184?
False
Does 158 divide 4825566?
False
Is 6059 a multiple of 362?
False
Is 28 a factor of 7178444?
True
Is 126540 a multiple of 95?
True
Is 364734 a multiple of 69?
True
Does 846 divide 10452178?
False
Is 219 a factor of 74441?
False
Does 15 divide 37667745?
True
Is 158400 a multiple of 30?
True
Does 1303 divide 22970587?
True
Does 502 divide 23281756?
True
Is 141435 a multiple of 45?
True
Is 15 a factor of 169390?
False
Is 3 a factor of 1131973?
False
Does 58 divide 1061434?
False
Is 176728 a multiple of 16?
False
Is 203 a factor of 184121?
True
Is 1010 a factor of 1622060?
True
Is 1194940 a multiple of 40?
False
Is 8638956 a multiple of 1116?
True
Is 426285 a multiple of 4?
False
Is 481 a factor of 1281121?
False
Is 333894 a multiple of 22?
True
Is 2 a factor of 503?
False
Is 313989 a multiple of 249?
True
Is 1012555 a multiple of 313?
True
Does 73 divide 110084?
True
Is 9380400 a multiple of 12?
True
Does 84 divide 9830?
False
Is 122145 a multiple of 160?
False
Does 19 divide 58369?
False
Is 138336 a multiple of 11?
True
Is 708836 a multiple of 228?
False
Is 134 a factor of 16078924?
False
Does 52 divide 83824?
True
Is 1282888 a multiple of 68?
True
Does 185 divide 468790?
True
Is 1658 a factor of 8384532?
False
Is 796119 a multiple of 444?
False
Is 24 a factor of 2866269?
False
Is 25 a factor of 251482?
False
Does 188 divide 1119625?
False
Is 230 a factor of 36340?
True
Does 517 divide 4276107?
True
Does 58 divide 1677998?
True
Does 9 divide 82593?
True
Is 286 a factor of 3230084?
True
Is 6 a factor of 373?
False
Is 251652 a multiple of 134?
True
Does 40 divide 50680?
True
Is 1055292 a multiple of 84?
True
Does 29 divide 166315?
True
Is 34 a factor of 261776?
False
Is 9705435 a multiple of 2000?
False
Is 8 a factor of 1763568?
True
Is 33 a factor of 4498387?
False
Is 1681128 a multiple of 216?
True
Does 56 divide 333760?
True
Does 16 divide 497999?
False
Is 18 a factor of 6609588?
False
Is 86 a factor of 2867928?
True
Does 433 divide 496596?
False
Does 2 divide 899?
False
Is 39 a factor of 290511?
True
Is 166963 a multiple of 7?
False
Is 21297 a multiple of 41?
False
Does 2 divide 696736?
True
Is 579349 a multiple of 11?
False
Is 13 a factor of 34393?
False
Is 845 a factor of 3179735?
True
Does 27 divide 37125?
True
Is 5 a factor of 34166?
False
Is 1780396 a multiple of 653?
False
Is 58 a factor of 1153040?
True
Is 341250 a multiple of 105?
True
Is 34 a factor of 196486?
True
Is 20 a factor of 916075?
False
Is 17 a factor of 92327?
True
Does 401 divide 4450699?
True
Is 364 a factor of 172925?
False
Does 7 divide 127325?
False
Is 1610269 a multiple of 162?
False
Is 88 a factor of 3062230?
False
Is 272143 a multiple of 48?
False
Does 18 divide 57193?
False
Is 746334 a multiple of 271?
True
Is 3 a factor of 666626?
False
Does 15 divide 128352?
False
Is 2775292 a multiple of 988?
True
Does 12 divide 71160?
True
Is 48 a factor of 6616752?
True
Is 25 a factor of 6928800?
True
Is 26 a factor of 893074?
True
Does 29 divide 591386?
False
Does 1284 divide 7056516?
False
Does 177 divide 2151826?
False
Is 2322 a multiple of 54?
True
Is 22 a factor of 1328624?
True
Does 8 divide 1828560?
True
Is 830533 a multiple of 20?
False
Is 97 a factor of 1067382?
False
Is 29 a factor of 4217760?
True
Is 78480 a multiple of 36?
True
Does 331 divide 1213446?
True
Is 267 a factor of 7639404?
True
Is 48 a factor of 628896?
True
Does 143 divide 294723?
True
Is 101 a factor of 25531790?
True
Is 358 a factor of 97201?
False
Is 3661900 a multiple of 44?
True
Is 163800 a multiple of 180?
True
Is 118 a factor of 12073853?
False
Does 38 divide 1246704?
True
Does 56 divide 130140?
False
Is 2656970 a multiple of 68?
False
Is 31 a factor of 511004?
True
Does 138 divide 100464?
True
Is 45103 a multiple of 23?
True
Does 826 divide 8157818?
False
Is 16 a factor of 652848?
True
Is 451153 a multiple of 45?
False
Is 961 a factor of 19925002?
False
Is 175388 a multiple of 269?
True
Is 3357 a multiple of 3?
True
Is 142 a factor of 134332?
True
Is 182 a factor of 3272178?
True
Does 12 divide 5568365?
False
Is 25 a factor of 232900?
True
Is 8763245 a multiple of 131?
True
Is 4614288 a multiple of 15?
False
Does 53 divide 4678747?
False
Is 10 a factor of 390810?
True
Is 3 a factor of 64758?
True
Does 13 divide 131691?
False
Is 2764080 a multiple of 792?
True
Is 26 a factor of 31726?
False
Does 497 divide 1074922?
False
Is 60 a factor of 985140?
True
Is 53 a factor of 157834?
True
Does 215 divide 9573305?
True
Is 1888880 a multiple of 35?
True
Is 547 a factor of 2512918?
True
Does 462 divide 5470080?
True
Does 10 divide 31696?
False
Does 323 divide 264214?
True
Is 11630 a multiple of 66?
False
Is 385259 a multiple of 47?
True
Does 69 divide 3066360?
True
Is 11 a factor of 123123?
True
Is 8880 a multiple of 34?
False
Does 15 divide 151184?
False
Is 25 a factor of 9667925?
True
Is 7 a factor of 10920?
True
Is 538 a factor of 7174768?
True
Does 58 divide 912771?
False
Is 5725492 a multiple of 377?
False
Does 16 divide 4816?
True
Does 8 divide 3408160?
True
Is 742164 a multiple of 3?
True
Is 45656 even?
True
Is 17 a factor of 289731?
True
Does 124 divide 19535?
False
Is 3 a factor of 196280?
False
Is 8